 + 13. What is l(-8)?
-3
Suppose -8 = -4*x - 17*d + 21*d, -8 = -4*x + d. Let s(t) = 5*t - 37. What is s(x)?
-27
Let l(i) be the third derivative of -1/12*i**5 + 1/12*i**4 + 0 + 2/3*i**3 + 78*i**2 - 1/120*i**6 + 0*i. What is l(-4)?
-20
Let s = 244 - 240. Let k(i) = 14*i + 3*i**2 - 13*i + 2*i**2 - s*i**2 + 14. Give k(0).
14
Let u(z) = z - 12. Suppose -21*p = -4*p - 251 + 200. Calculate u(p).
-9
Let k(o) = 22*o - 27. Let p(c) = 54*c - 65. Let r(u) = 5*k(u) - 2*p(u). Let y(i) = 6*i + 2 - i**2 + 1 + 2. Let z be y(6). What is r(z)?
5
Let k be 8/28 - ((-19)/7 + 1). Let q(w) = -5*w**2 + 4*w**k - 2 + 5*w**2 + 3*w. Determine q(2).
20
Let l(d) = d**2 + 9*d + 4. Suppose 22*j + 30 = 27*j. Let y be -12*(-27)/(-36)*j/9. Determine l(y).
-14
Suppose -25549*i = -25547*i - 2. Let y(h) = -5*h**3 - h**2 + h + h - 46 + 45. Determine y(i).
-5
Let s(r) = r + 8. Let f = -3801 - -3816. Give s(f).
23
Let v(h) = h**2 - 4*h + 6. Let i(y) = 24*y + 10*y**2 + 11 - 72*y - 7 - 7*y**2. Let j be i(16). Calculate v(j).
6
Let f be ((5 - 3) + 1)/(192/(-1984)). Let o(p) = -4*p - 126. Determine o(f).
-2
Let s(o) = -o + 4. Let z = -709 + 718. Let u be (-4216)/(-306) - (-2)/z. What is s(u)?
-10
Let x(p) be the first derivative of -13*p**2 - 264*p + 11162. What is x(-10)?
-4
Let d(j) be the first derivative of -37*j**4/4 - j**3/3 - 5*j**2/2 - 3*j - 6146. Calculate d(-1).
38
Let w(d) = 10*d + 90. Let j be w(-9). Let h(y) = y**3 + y - 24. Let x(o) = 3*o**3 + 4*o - 72. Let v(i) = -7*h(i) + 2*x(i). What is v(j)?
24
Let p = -17239 - -17228. Let s(z) = 27*z + 305. Determine s(p).
8
Let w(d) be the third derivative of d**5/60 - d**4/6 - d**3/6 + d**2. Suppose -9 + 1590 = 31*j. Suppose -9*m - j + 78 = 0. Determine w(m).
-4
Let o(t) = -t**2 + 7*t + 12. Let c(n) = 4*n**2 - 26*n - 46. Let p(s) = 2*c(s) + 9*o(s). Determine p(13).
-10
Let y(r) = 4*r**2 + r + 1. Let a = -206 + 212. Let w be (((-25)/(-10))/5)/(a/(-36)). What is y(w)?
34
Suppose -5*u = -2*j - 11 + 40, -4*j - 5*u + 43 = 0. Suppose 8 = -q - 3*b, 7*q - 8 = j*q - b. Let k(l) = 2*l**3 - 2*l - 2. Give k(q).
-14
Let r(t) = 11*t**3 + 11*t**2 + 6*t - 4. Let s(y) = -21*y**3 - 20*y**2 - 12*y + 8. Let z(f) = 19*r(f) + 10*s(f). Give z(8).
20
Suppose 0 = 4*b - 5*c - 7, 2*b + 5*c = -0*b + 11. Let a(g) = -2*g - 43 + b*g**2 + 18 + g**3 + 22. Let l = -70 + 68. Give a(l).
5
Let z(j) = 4*j**2 - 24*j + 7. Let i be (-42)/(-18)*1/((-56)/(-144)). Calculate z(i).
7
Let b(y) be the second derivative of y**3/2 - 3*y**2/2 - 7*y + 2. Let f(c) = 7*c - 5. Let z(m) = -5*b(m) + 2*f(m). What is z(9)?
-4
Let a(u) be the first derivative of -11*u**4/4 - u**2/2 - u + 7. Let d(y) = -89*y + 1067. Let o be d(12). Determine a(o).
11
Let r(w) = 3*w**2 - 3*w**2 - w**2 - 5*w + 0*w**2 + 6. Let u(p) = -4*p**2 - 14*p + 19. Let o(j) = 7*r(j) - 2*u(j). Suppose q + 48 = 55. Calculate o(q).
4
Let h(g) = -g + 1. Suppose -275 = -6*x + 61. Suppose 4 = f + x. Let n be (-8)/52 + 2/f*-82. What is h(n)?
-2
Suppose -v - 7 = -3*p + 1, 2 = -3*p - 4*v. Let u(y) = 2*y + p + 0 - 1 + 3. What is u(-3)?
-2
Let q be (-823)/(-2)*(8/(-4) - -4). Let u(v) = -2 + 2 - q*v - 2 + 0 + 820*v. Calculate u(2).
-8
Let h = 1011 + -1009. Suppose 2*c + 0*c = 24. Let y(z) = c*z - 10*z - z - h*z + 3. What is y(6)?
-3
Let y = 0 - 4. Let o(a) be the second derivative of a**5/60 + a**4/4 + 5*a**3/6 - 145*a**2/2 - 2*a + 2. Let g(h) be the first derivative of o(h). Give g(y).
-3
Let l(c) = c**3 + 8*c**2 - 2*c - 1. Suppose 0 = t - a - 1, -46*t + 4*a = -41*t + 3. What is l(t)?
62
Let l(i) = i**3 + 5*i**2 - 14*i - 3. Let w(r) = -r**3 - 12*r**2 - 20*r - 7. Let k be w(-10). Let q be l(k). Let n(f) = -2*f - 3. Determine n(q).
3
Let b(v) = v**2 + 8*v + 5. Let x be (-2 + (-1693)/(-2))/((-216)/(-144)). Suppose 560*l - x*l - 18 = 0. What is b(l)?
-7
Let p(x) = 12*x - 44. Let c(k) = -887*k + 5327. Let u be c(6). What is p(u)?
16
Let y(m) = -380*m - 185. Let a(i) = 35*i + 17. Let d(l) = 65*a(l) + 6*y(l). Let j be 1*(-8)/2 - -2. Give d(j).
5
Suppose 32*h - 16 = 2*v + 33*h, -2*h + 31 = -5*v. Let w(l) = l**2 + 4*l - 12. What is w(v)?
9
Suppose 0*f = -5*f - 4*d + 93, -72 = -4*f - 4*d. Suppose -i = -6 + 4. Let s(q) = -f + q**i + 10 + 5 - q. Calculate s(5).
14
Suppose 0 = -3*n + 2*w + 51, -4*n + 21 = -4*w - 43. Let y(f) = -n - 15 - 5*f - f**2 - 16 + 46. Let s(u) = -u - 15. Let j be s(-12). What is y(j)?
2
Let t(z) = -z**3 - 8*z**2 - 6*z + 7. Let j be t(-7). Let u(s) be the second derivative of 0 - 26*s - 15/2*s**2 - 1/6*s**3. Give u(j).
-15
Let k(s) = 16*s - 325. Suppose 0 = -13*y + 18*y - 100. Let j be k(y). Let q(l) = 5*l + 18. Calculate q(j).
-7
Let y(v) = 2*v**2 + 4*v + 1. Let c = -205 + 204. Let q be (c - -4)/((-2)/(-2)). Give y(q).
31
Let i be 1 - (4 + (-3 - 2)). Let a = 219 - 205. Let h(r) = r + i + 12 - a. Give h(4).
4
Let h(y) be the second derivative of -y**6/360 - y**5/20 + y**4/12 - y**3/2 - 17*y**2/2 + 55*y - 2. Let q(t) be the second derivative of h(t). Determine q(-8).
-14
Let o(u) be the third derivative of -u**5/60 - u**4/6 + 47*u**3/6 + 834*u**2. Determine o(6).
-13
Let k be 390/70 - (-3)/7. Let g = 67 + -61. Let s(w) = 20 + g*w + 0*w - 10 - 11 - w**2. Give s(k).
-1
Let i(v) = 12*v + 202. Let u = 11796 - 11812. What is i(u)?
10
Suppose l = 0, 15*l = 2*j + 17*l - 30. Suppose -4*w + j*v - 22 = 18*v, -3*w + 3*v = 6. Let m(f) = f**3 + 7*f**2 + 3*f - 5. Calculate m(w).
31
Let a(y) = y**3 - y**2 - 3*y - 2. Let d be ((-966)/92)/((-6)/32). Let o = d - 58. Give a(o).
-8
Let o(v) be the first derivative of -v**3/3 + 15*v**2/2 - 53*v + 731. Determine o(6).
1
Let q = -10390 - -10396. Let a(m) = -2*m**3 + 13*m**2 - 11*m + 33. Determine a(q).
3
Let o(f) = -36 + 36*f + 64 - 32 + 26*f**2 - 23*f**2. Give o(-12).
-4
Let m(z) = 2*z**3 - z**2 - 9*z + 7. Suppose 273 - 142 = 6*d + 113. What is m(d)?
25
Let u(g) be the third derivative of -g**5/60 + 5*g**4/6 - 7*g**3/6 + 1322*g**2 + 2. Determine u(23).
-76
Suppose 2*r = -5*r + 63. Let q(i) = -2 + 9*i**2 - 8*i**2 - r - 10*i. Let a be q(11). Let j(s) = s - 4. Calculate j(a).
-4
Let c(k) = -2*k**3 - 2*k**2 + 3*k - 4. Let o = 5935 - 5939. Give c(o).
80
Let w be (23 - 6) + 1005/(-60). Let u(f) be the second derivative of 0*f**3 + 10*f - w*f**4 + 0 + 0*f**2. Calculate u(1).
-3
Let s(d) = -2*d**2 - d + 1. Let y be (25/15)/(2 - 20/12). Suppose -y*h = -4*w + 29 - 15, -4*w = h - 2. Determine s(h).
-5
Let s be (-4)/(-1*8/(-12)*-3). Suppose -s*y + 8 = 0, 4*v + y = 8 + 4. Let q(x) = -2*x - v*x**2 + x**2 - x + x. What is q(2)?
-8
Suppose -2*n = -5*k + 68, n = k - 0*k - 16. Suppose 0 = 4*v - k + 20. Let u(f) = 3*f + 1. What is u(v)?
-5
Let p(q) = -q**3 + 2*q**2 + 5*q + 4. Suppose -805 = -6*k - 5227. Let s = 742 + k. Give p(s).
-46
Let t(z) = -z**2 - 3*z - 1. Let l(f) = -2*f**2 + 3*f + 7. Let u be l(3). Let s be ((-3)/u)/((-210)/48 - -4). Calculate t(s).
-5
Let z(t) = -t**2 - 8*t - 10. Let b be z(-2). Let v(a) = a + 5. Let d(j) = -6*j - 27. Let i(m) = b*d(m) + 11*v(m). What is i(5)?
-4
Let v = 35 - 49. Let c = v - -15. Let o(w) = w**3 - 3605 + 3606 - 5*w**3 + 0*w**3. Calculate o(c).
-3
Let i(o) = -2 - 16*o**2 - 5*o + 1 + 5 + 23*o**2 - o**3 - 5. Let r be (5 - 36/(-44)) + 4/22. Determine i(r).
5
Let p(z) = z**3 + 117*z**2 + 454*z + 216. Let g be p(-113). Let s(c) = -c**3 - 8*c**2 + 18*c - 34. Give s(g).
-14
Let a be 7 - ((-2001)/57 + 22/209). Suppose -i - 3 = 3*r, 0*i + 4*i - 2*r = 44. Suppose 2*w = i*w - a. Let x(y) = -y + 2. Determine x(w).
-4
Let z(y) = 4*y + 12. Let f = -283 - -307. Let k be -17 + 400/f + 64/(-6). What is z(k)?
-32
Let v(b) = b**2 + 16*b + 6. Suppose w = 0, -5*z + 5*w - 30 = -15 + 75. Give v(z).
42
Let p be 6/2 - (-9)/9. Suppose -p*c + 3*c = 0. Let l(d) be the second derivative of d**3/6 + 3*d**2/2 + 211*d. Determine l(c).
3
Let g = 12 - 17. Let n(v) be the first derivative of -v**2/2 + 2*v + 1100. Determine n(g).
7
Let h(t) be the third derivative of t**7/840 - 7*t**6/360 - t**5/120 - 5*t**3/6 + 2*t**2 - 12*t. Let y(n) be the first derivative of h(n). What is y(7)?
-7
Let k(p) = 3*p + 13. Let o(s) = -3*s - 8. Let f(q) = -5*k(q) - 6*o(q). Let w(r) = 8*r - 35. Let n(h) = 7*f(h) - 3*w(h). What is n(-7)?
7
Let q(n) = -9*n + 19. Let j be q(2). Let i(r) = 145*r**2 - j - 146*r**2 - 10*r - 2. Give i(-4).
21
Let z(t) = -t**2 - 3*t + 2. Suppose -2*w = 2*y - 238, -2*y - 4*w + 241 = -w. Let u = 111 -